 prime factors of 1753?
1753
List the prime factors of 1178.
2, 19, 31
List the prime factors of 6386.
2, 31, 103
List the prime factors of 2025.
3, 5
List the prime factors of 5133.
3, 29, 59
List the prime factors of 22546.
2, 11273
What are the prime factors of 4523?
4523
List the prime factors of 19833.
3, 11, 601
List the prime factors of 86166.
2, 3, 4787
List the prime factors of 17248.
2, 7, 11
What are the prime factors of 15196?
2, 29, 131
What are the prime factors of 8737?
8737
List the prime factors of 433.
433
What are the prime factors of 2911?
41, 71
List the prime factors of 13196.
2, 3299
List the prime factors of 128645.
5, 11, 2339
List the prime factors of 331.
331
What are the prime factors of 29355?
3, 5, 19, 103
What are the prime factors of 11860?
2, 5, 593
What are the prime factors of 23173?
23173
List the prime factors of 111699.
3, 7, 197
What are the prime factors of 27542?
2, 47, 293
What are the prime factors of 4171?
43, 97
List the prime factors of 88202.
2, 44101
What are the prime factors of 296?
2, 37
What are the prime factors of 191560?
2, 5, 4789
What are the prime factors of 17687?
23, 769
What are the prime factors of 1885?
5, 13, 29
What are the prime factors of 3913?
7, 13, 43
List the prime factors of 93.
3, 31
List the prime factors of 374.
2, 11, 17
What are the prime factors of 19277?
37, 521
What are the prime factors of 28026?
2, 3, 173
List the prime factors of 6128.
2, 383
List the prime factors of 1589.
7, 227
What are the prime factors of 88?
2, 11
List the prime factors of 31181.
31181
List the prime factors of 342.
2, 3, 19
List the prime factors of 2586.
2, 3, 431
What are the prime factors of 194?
2, 97
What are the prime factors of 2298?
2, 3, 383
List the prime factors of 3173.
19, 167
List the prime factors of 5588.
2, 11, 127
What are the prime factors of 47255?
5, 13, 727
List the prime factors of 5665.
5, 11, 103
What are the prime factors of 7867?
7867
What are the prime factors of 1897?
7, 271
What are the prime factors of 28380?
2, 3, 5, 11, 43
What are the prime factors of 1253?
7, 179
What are the prime factors of 61846?
2, 17, 107
List the prime factors of 10832.
2, 677
List the prime factors of 2019.
3, 673
What are the prime factors of 15030?
2, 3, 5, 167
List the prime factors of 11459.
7, 1637
What are the prime factors of 907?
907
List the prime factors of 2073.
3, 691
List the prime factors of 68609.
19, 23, 157
List the prime factors of 98779.
98779
List the prime factors of 27690.
2, 3, 5, 13, 71
List the prime factors of 520.
2, 5, 13
What are the prime factors of 48749?
29, 41
List the prime factors of 26493.
3, 8831
What are the prime factors of 18600?
2, 3, 5, 31
List the prime factors of 1275.
3, 5, 17
What are the prime factors of 4534?
2, 2267
List the prime factors of 131408.
2, 43, 191
List the prime factors of 24313.
41, 593
List the prime factors of 451.
11, 41
What are the prime factors of 578?
2, 17
List the prime factors of 970.
2, 5, 97
List the prime factors of 1897.
7, 271
What are the prime factors of 3592?
2, 449
List the prime factors of 48638.
2, 83, 293
What are the prime factors of 87889?
179, 491
What are the prime factors of 628?
2, 157
List the prime factors of 3692.
2, 13, 71
List the prime factors of 96733.
7, 13, 1063
List the prime factors of 9432.
2, 3, 131
What are the prime factors of 10653?
3, 53, 67
What are the prime factors of 5113?
5113
List the prime factors of 17285.
5, 3457
What are the prime factors of 473?
11, 43
What are the prime factors of 82891?
82891
List the prime factors of 300.
2, 3, 5
What are the prime factors of 53426?
2, 26713
List the prime factors of 10448.
2, 653
What are the prime factors of 1442?
2, 7, 103
What are the prime factors of 15867?
3, 41, 43
What are the prime factors of 1256?
2, 157
List the prime factors of 7545.
3, 5, 503
List the prime factors of 263.
263
List the prime factors of 4929.
3, 31, 53
List the prime factors of 8913.
3, 2971
What are the prime factors of 425?
5, 17
What are the prime factors of 17?
17
List the prime factors of 54446.
2, 7, 3889
List the prime factors of 2560.
2, 5
List the prime factors of 1149.
3, 383
What are the prime factors of 113405?
5, 37, 613
List the prime factors of 578.
2, 17
List the prime factors of 7175.
5, 7, 41
What are the prime factors of 1815?
3, 5, 11
List the prime factors of 69120.
2, 3, 5
List the prime factors of 3163.
3163
What are the prime factors of 22?
2, 11
What are the prime factors of 29753?
29753
What are the prime factors of 1196?
2, 13, 23
List the prime factors of 28385.
5, 7, 811
List the prime factors of 44743.
101, 443
What are the prime factors of 37166?
2, 18583
What are the prime factors of 1370?
2, 5, 137
What are the prime factors of 5924?
2, 1481
What are the prime factors of 3771?
3, 419
What are the prime factors of 815?
5, 163
What are the prime factors of 311?
311
List the prime factors of 748.
2, 11, 17
List the prime factors of 54058.
2, 151, 179
What are the prime factors of 2728?
2, 11, 31
List the prime factors of 1763.
41, 43
What are the prime factors of 310?
2, 5, 31
List the prime factors of 2557.
2557
What are the prime factors of 21652?
2, 5413
List the prime factors of 3651.
3, 1217
List the prime factors of 3844.
2, 31
List the prime factors of 156298.
2, 17, 4597
What are the prime factors of 11825?
5, 11, 43
What are the prime factors of 1949?
1949
List the prime factors of 1694.
2, 7, 11
List the prime factors of 1769.
29, 61
What are the prime factors of 51835?
5, 7, 1481
What are the prime factors of 1572?
2, 3, 131
List the prime factors of 6804.
2, 3, 7
List the prime factors of 23486.
2, 11743
List the prime factors of 54222.
2, 3, 7, 1291
What are the prime factors of 41920?
2, 5, 131
What are the prime factors of 15704?
2, 13, 151
List the prime factors of 2258.
2, 1129
List the prime factors of 5049.
3, 11, 17
What are the prime factors of 10762?
2, 5381
What are the prime factors of 22576?
2, 17, 83
What are the prime factors of 40542?
2, 3, 29, 233
List the prime factors of 41245.
5, 73, 113
What are the prime factors of 1287?
3, 11, 13
What are the prime factors of 4423?
4423
List the prime factors of 54972.
2, 3, 509
List the prime factors of 7195.
5, 1439
List the prime factors of 6215.
5, 11, 113
List the prime factors of 170.
2, 5, 17
What are the prime factors of 170244?
2, 3, 4729
List the prime factors of 116665.
5, 23333
List the prime factors of 1996.
2, 499
List the prime factors of 1314.
2, 3, 73
What are the prime factors of 9002?
2, 7, 643
List the prime factors of 5778.
2, 3, 107
List the prime factors of 25197.
3, 37, 227
What are the prime factors of 4056?
2, 3, 13
What are the prime factors of 2221?
2221
List the prime factors of 625.
5
What are the prime factors of 1456?
2, 7, 13
What are the prime factors of 1716?
2, 3, 11, 13
What are the prime factors of 8428?
2, 7, 43
List the prime factors of 2909.
2909
List the prime factors of 83610.
2, 3, 5, 929
What are the prime factors of 893?
19, 47
List the prime factors of 241.
241
What are the prime factors of 196?
2, 7
What are the prime factors of 17843?
7, 2549
What are the prime factors of 681?
3, 227
List the prime factors of 204.
2, 3, 17
What are the prime factors of 1073?
29, 37
What are the prime factors of 2697?
3, 29, 31
What are the prime factors of 43062?
2, 3, 7177
What are the prime factors of 655?
5, 131
List the prime factors of 145837.
41, 3557
List the prime factors of 2559.
3, 853
List the prime factors of 2781.
3, 103
List the prime factors of 3181.
3181
List the prime factors of 3669.
3, 1223
What are the prime factors of 25137?
3, 7, 19
What are the prime factors of 176?
2, 11
List the prime factors of 77190.
2, 3, 5, 31, 83
What are the prime factors of 76086?
2, 3, 1409
List the prime factors of 78448.
2, 4903
What are the prime factors of 17100?
2, 3, 5, 19
List the prime factors of 3591.
3, 7, 19
What are the prime factors of 17760?
2, 3, 5, 37
List the prime factors of 12586.
2, 7, 29, 31
What are the prime factors of 3199?
7, 457
List the prime factors of 231.
3, 7, 11
What are the prime factors of 1087?
1087
List the prime factors of 7978.
2, 3989
What are the prime factors of 21488?
2, 17, 